{"id":17952,"date":"2025-07-08T19:35:08","date_gmt":"2025-07-08T17:35:08","guid":{"rendered":"https:\/\/lacuinade.estic.online\/zerowaste\/agenda\/pasta-creativa-taller-familiar-torre-sagrera\/"},"modified":"2025-08-01T11:30:44","modified_gmt":"2025-08-01T09:30:44","slug":"pasta-creativa-taller-familiar-torre-sagrera-8","status":"publish","type":"tribe_events","link":"https:\/\/zerowastebcn.com\/es\/agenda\/pasta-creativa-taller-familiar-torre-sagrera-8\/","title":{"rendered":"Pasta creativa, taller familiar (Torre Sagrera)"},"content":{"rendered":"<p>Farina, aigua i les nostres mans \u00e9s tot el que necessitem per a fer un munt de versions de pasta. Hi afegirem color de manera natural i veurem com fer algunes varietats cl\u00e0ssiques. A partir d\u2019aqu\u00ed, cadasc\u00fa podr\u00e0 inventar la seva pr\u00f2pia pasta i endur-se-la a casa!<br \/>\nCal portar una carmanyola. Els i les menors de 13 anys han de venir amb una persona adulta.<br \/>\nPreu: 15,28\u20ac. Ingredients inclosos<\/p>\n","protected":false},"excerpt":{"rendered":"<p>Farina, aigua i les nostres mans \u00e9s tot el que necessitem per a fer un munt de versions de pasta. Hi afegirem color de manera natural i veurem com fer [&hellip;]<\/p>\n","protected":false},"author":2,"featured_media":0,"template":"","meta":{"_tribe_events_status":"","_tribe_events_status_reason":"","footnotes":""},"tags":[],"tribe_events_cat":[151],"class_list":["post-17952","tribe_events","type-tribe_events","status-publish","hentry","tribe_events_cat-tallers","cat_tallers"],"acf":[],"_links":{"self":[{"href":"https:\/\/zerowastebcn.com\/es\/wp-json\/wp\/v2\/tribe_events\/17952","targetHints":{"allow":["GET"]}}],"collection":[{"href":"https:\/\/zerowastebcn.com\/es\/wp-json\/wp\/v2\/tribe_events"}],"about":[{"href":"https:\/\/zerowastebcn.com\/es\/wp-json\/wp\/v2\/types\/tribe_events"}],"author":[{"embeddable":true,"href":"https:\/\/zerowastebcn.com\/es\/wp-json\/wp\/v2\/users\/2"}],"version-history":[{"count":1,"href":"https:\/\/zerowastebcn.com\/es\/wp-json\/wp\/v2\/tribe_events\/17952\/revisions"}],"predecessor-version":[{"id":18684,"href":"https:\/\/zerowastebcn.com\/es\/wp-json\/wp\/v2\/tribe_events\/17952\/revisions\/18684"}],"wp:attachment":[{"href":"https:\/\/zerowastebcn.com\/es\/wp-json\/wp\/v2\/media?parent=17952"}],"wp:term":[{"taxonomy":"post_tag","embeddable":true,"href":"https:\/\/zerowastebcn.com\/es\/wp-json\/wp\/v2\/tags?post=17952"},{"taxonomy":"tribe_events_cat","embeddable":true,"href":"https:\/\/zerowastebcn.com\/es\/wp-json\/wp\/v2\/tribe_events_cat?post=17952"}],"curies":[{"name":"wp","href":"https:\/\/api.w.org\/{rel}","templated":true}]}}

<p>Farina, aigua i les nostres mans és tot el que necessitem per a fer un munt de versions de pasta. Hi afegirem color de manera natural i veurem com fer algunes varietats clàssiques. A partir d’aquí, cadascú podrà inventar la seva pròpia pasta i endur-se-la a casa!<br />
Cal portar una carmanyola. Els i les menors de 13 anys han de venir amb una persona adulta.<br />
Preu: 15,28€. Ingredients inclosos</p>

<p>Farina, aigua i les nostres mans és tot el que necessitem per a fer un munt de versions de pasta. Hi afegirem color de manera natural i veurem com fer [&hellip;]</p>
