{"id":17955,"date":"2025-07-08T19:35:23","date_gmt":"2025-07-08T17:35:23","guid":{"rendered":"https:\/\/lacuinade.estic.online\/zerowaste\/agenda\/pasta-casolana-cc-can-verdaguer-taller-inclusiu\/"},"modified":"2025-08-01T11:30:59","modified_gmt":"2025-08-01T09:30:59","slug":"pasta-casolana-cc-can-verdaguer-taller-inclusiu-8","status":"publish","type":"tribe_events","link":"https:\/\/zerowastebcn.com\/es\/agenda\/pasta-casolana-cc-can-verdaguer-taller-inclusiu-8\/","title":{"rendered":"Pasta casolana (CC Can Verdaguer) Taller Inclusiu"},"content":{"rendered":"<p>Farina, aigua i les nostres mans \u00e9s tot el que necessitem per a fer un munt de versions de pasta. Hi afegirem color de manera natural i veurem com fer-ne diferents varietats.<br \/>\nNom\u00e9s amb l\u2019ajuda dels corrons, i sense cap estri especial, per a que tothom ho pugui fer tamb\u00e9 a casa seva.<br \/>\nCal portar carmanyola per endur-se la pasta que s\u2019hagi preparat, i opcionalment davantal.<br \/>\n11,51 \u20ac + 4 \u20ac d\u2019ingredients<\/p>\n<p>*Aquest taller est\u00e0 dissenyat per a que puguin participar-hi persones diverses. Hi haur\u00e0 receptors FM per a seguir la sessi\u00f3 i projecci\u00f3 en pantalla del pas a pas de les receptes. Tamb\u00e9 s\u2019enviar\u00e0 per avan\u00e7at el receptari per a tenir-ne context i hi haur\u00e0 impressions del pas a pas disponibles en format infogr\u00e0fic o text per a consultar durant la sessi\u00f3. Tamb\u00e9 hi haur\u00e0 elements m\u00e9s accessibles a la cuina per a persones amb discapacitat visual com balan\u00e7a sonora i etiquetatge t\u00e0ctil. <\/p>\n","protected":false},"excerpt":{"rendered":"<p>Farina, aigua i les nostres mans \u00e9s tot el que necessitem per a fer un munt de versions de pasta. Hi afegirem color de manera natural i veurem com fer-ne [&hellip;]<\/p>\n","protected":false},"author":2,"featured_media":0,"template":"","meta":{"_tribe_events_status":"","_tribe_events_status_reason":"","footnotes":""},"tags":[],"tribe_events_cat":[151],"class_list":["post-17955","tribe_events","type-tribe_events","status-publish","hentry","tribe_events_cat-tallers","cat_tallers"],"acf":[],"_links":{"self":[{"href":"https:\/\/zerowastebcn.com\/es\/wp-json\/wp\/v2\/tribe_events\/17955","targetHints":{"allow":["GET"]}}],"collection":[{"href":"https:\/\/zerowastebcn.com\/es\/wp-json\/wp\/v2\/tribe_events"}],"about":[{"href":"https:\/\/zerowastebcn.com\/es\/wp-json\/wp\/v2\/types\/tribe_events"}],"author":[{"embeddable":true,"href":"https:\/\/zerowastebcn.com\/es\/wp-json\/wp\/v2\/users\/2"}],"version-history":[{"count":1,"href":"https:\/\/zerowastebcn.com\/es\/wp-json\/wp\/v2\/tribe_events\/17955\/revisions"}],"predecessor-version":[{"id":18681,"href":"https:\/\/zerowastebcn.com\/es\/wp-json\/wp\/v2\/tribe_events\/17955\/revisions\/18681"}],"wp:attachment":[{"href":"https:\/\/zerowastebcn.com\/es\/wp-json\/wp\/v2\/media?parent=17955"}],"wp:term":[{"taxonomy":"post_tag","embeddable":true,"href":"https:\/\/zerowastebcn.com\/es\/wp-json\/wp\/v2\/tags?post=17955"},{"taxonomy":"tribe_events_cat","embeddable":true,"href":"https:\/\/zerowastebcn.com\/es\/wp-json\/wp\/v2\/tribe_events_cat?post=17955"}],"curies":[{"name":"wp","href":"https:\/\/api.w.org\/{rel}","templated":true}]}}

<p>Farina, aigua i les nostres mans és tot el que necessitem per a fer un munt de versions de pasta. Hi afegirem color de manera natural i veurem com fer-ne diferents varietats.<br />
Només amb l’ajuda dels corrons, i sense cap estri especial, per a que tothom ho pugui fer també a casa seva.<br />
Cal portar carmanyola per endur-se la pasta que s’hagi preparat, i opcionalment davantal.<br />
11,51 € + 4 € d’ingredients</p>
<p>*Aquest taller està dissenyat per a que puguin participar-hi persones diverses. Hi haurà receptors FM per a seguir la sessió i projecció en pantalla del pas a pas de les receptes. També s’enviarà per avançat el receptari per a tenir-ne context i hi haurà impressions del pas a pas disponibles en format infogràfic o text per a consultar durant la sessió. També hi haurà elements més accessibles a la cuina per a persones amb discapacitat visual com balança sonora i etiquetatge tàctil. </p>

<p>Farina, aigua i les nostres mans és tot el que necessitem per a fer un munt de versions de pasta. Hi afegirem color de manera natural i veurem com fer-ne [&hellip;]</p>
