{"id":18993,"date":"2025-12-23T12:32:30","date_gmt":"2025-12-23T10:32:30","guid":{"rendered":"https:\/\/zerowastebcn.com\/agenda\/remeis-i-cosmetica-natural-cc-can-felipa-2\/"},"modified":"2025-12-23T13:12:57","modified_gmt":"2025-12-23T11:12:57","slug":"remeis-i-cosmetica-natural-cc-can-felipa-2","status":"publish","type":"tribe_events","link":"https:\/\/zerowastebcn.com\/es\/agenda\/remeis-i-cosmetica-natural-cc-can-felipa-2\/","title":{"rendered":"Remeis i cosm\u00e8tica natural (CC Can Felipa)"},"content":{"rendered":"<p>(4 sessions) En aquest taller parlarem de remeis tradicionals i casolans, sobretot d\u2019aquells relacionats amb la cura cosm\u00e8tica.<br \/>\nPrepararem productes que despr\u00e9s cadasc\u00fa s\u2019emportar\u00e0 a casa: un oleat de plantes per a la cura de la pell de la cara, un b\u00e0lsam per als llavis i una loci\u00f3 molt senzilla per a tenir els cabells m\u00e9s sans. Tamb\u00e9, farem una versi\u00f3 del fam\u00f3s vinagre dels quatre lladres, i veurem quins usos ha tingut al llarg de la hist\u00f2ria, i per a qu\u00e8 es pot utilitzar avui en dia.<br \/>\nFinalment, aprendrem qu\u00e8 hem de tenir en compte de cara a fer els nostres propis productes naturals, de manera que siguin m\u00e9s sostenibles i saludables.<br \/>\nEl primer dia cal portar tres pots de vidre amb tapa, d\u2019uns 250 ml., ben nets.<br \/>\nL&#8217;env\u00e0s per al b\u00e0lsam labial es proporcionar\u00e0 al taller.<br \/>\nSuplement: 11\u20ac. Consultar preu al CC\u00edvic. <\/p>\n","protected":false},"excerpt":{"rendered":"<p>(4 sessions) En aquest taller parlarem de remeis tradicionals i casolans, sobretot d\u2019aquells relacionats amb la cura cosm\u00e8tica. Prepararem productes que despr\u00e9s cadasc\u00fa s\u2019emportar\u00e0 a casa: un oleat de plantes [&hellip;]<\/p>\n","protected":false},"author":1,"featured_media":0,"template":"","meta":{"_tribe_events_status":"","_tribe_events_status_reason":"","footnotes":""},"tags":[],"tribe_events_cat":[151],"class_list":["post-18993","tribe_events","type-tribe_events","status-publish","hentry","tribe_events_cat-tallers","cat_tallers"],"acf":[],"_links":{"self":[{"href":"https:\/\/zerowastebcn.com\/es\/wp-json\/wp\/v2\/tribe_events\/18993","targetHints":{"allow":["GET"]}}],"collection":[{"href":"https:\/\/zerowastebcn.com\/es\/wp-json\/wp\/v2\/tribe_events"}],"about":[{"href":"https:\/\/zerowastebcn.com\/es\/wp-json\/wp\/v2\/types\/tribe_events"}],"author":[{"embeddable":true,"href":"https:\/\/zerowastebcn.com\/es\/wp-json\/wp\/v2\/users\/1"}],"version-history":[{"count":1,"href":"https:\/\/zerowastebcn.com\/es\/wp-json\/wp\/v2\/tribe_events\/18993\/revisions"}],"predecessor-version":[{"id":19067,"href":"https:\/\/zerowastebcn.com\/es\/wp-json\/wp\/v2\/tribe_events\/18993\/revisions\/19067"}],"wp:attachment":[{"href":"https:\/\/zerowastebcn.com\/es\/wp-json\/wp\/v2\/media?parent=18993"}],"wp:term":[{"taxonomy":"post_tag","embeddable":true,"href":"https:\/\/zerowastebcn.com\/es\/wp-json\/wp\/v2\/tags?post=18993"},{"taxonomy":"tribe_events_cat","embeddable":true,"href":"https:\/\/zerowastebcn.com\/es\/wp-json\/wp\/v2\/tribe_events_cat?post=18993"}],"curies":[{"name":"wp","href":"https:\/\/api.w.org\/{rel}","templated":true}]}}

Remeis i cosmètica natural (CC Can Felipa)

<p>(4 sessions) En aquest taller parlarem de remeis tradicionals i casolans, sobretot d’aquells relacionats amb la cura cosmètica.<br />
Prepararem productes que després cadascú s’emportarà a casa: un oleat de plantes per a la cura de la pell de la cara, un bàlsam per als llavis i una loció molt senzilla per a tenir els cabells més sans. També, farem una versió del famós vinagre dels quatre lladres, i veurem quins usos ha tingut al llarg de la història, i per a què es pot utilitzar avui en dia.<br />
Finalment, aprendrem què hem de tenir en compte de cara a fer els nostres propis productes naturals, de manera que siguin més sostenibles i saludables.<br />
El primer dia cal portar tres pots de vidre amb tapa, d’uns 250 ml., ben nets.<br />
L&#8217;envàs per al bàlsam labial es proporcionarà al taller.<br />
Suplement: 11€. Consultar preu al CCívic. </p>

<p>(4 sessions) En aquest taller parlarem de remeis tradicionals i casolans, sobretot d’aquells relacionats amb la cura cosmètica. Prepararem productes que després cadascú s’emportarà a casa: un oleat de plantes [&hellip;]</p>
