{"id":18997,"date":"2025-12-23T12:32:32","date_gmt":"2025-12-23T10:32:32","guid":{"rendered":"https:\/\/zerowastebcn.com\/agenda\/remeis-i-cura-de-la-cara-cc-navas\/"},"modified":"2025-12-23T13:12:59","modified_gmt":"2025-12-23T11:12:59","slug":"remeis-i-cura-de-la-cara-cc-navas","status":"publish","type":"tribe_events","link":"https:\/\/zerowastebcn.com\/es\/agenda\/remeis-i-cura-de-la-cara-cc-navas\/","title":{"rendered":"Remeis i cura de la cara (CC Navas)"},"content":{"rendered":"<p>(2 sessions) En aquest taller parlarem de remeis tradicionals enfocats a la cura de la cara.<br \/>\nPrepararem un exfoliant suau i nutritiu, un t\u00f2nic hidratant i una barreja d\u2019olis personalitzada.<br \/>\nEns endinsarem en el m\u00f3n dels olis vegetals, i veurem quins poden anar b\u00e9 i quins haur\u00edem d\u2019evitar segons el nostre tipus de pell. A m\u00e9s, els enriquirem amb extractes de plantes per aconseguir una rutina facial de qualitat, sostenible i saludable.<br \/>\nCada persona s\u2019emportar\u00e0 els seus tres productes personalitzats a casa. <\/p>\n<p>Cal portar un pot de vidre amb tapa, petit, ben net, per a l\u2019exfoliant (pot ser d\u2019uns 100-200 ml.)<br \/>\nAl taller es proporcionar\u00e0 un env\u00e0s amb polsador d\u2019esprai per al t\u00f2nic i un per a l\u2019oli facial, tots dos de vidre.<\/p>\n<p>Suplement: 8\u20ac. Consultar preu del taller amb el CC\u00edvic. <\/p>\n","protected":false},"excerpt":{"rendered":"<p>(2 sessions) En aquest taller parlarem de remeis tradicionals enfocats a la cura de la cara. Prepararem un exfoliant suau i nutritiu, un t\u00f2nic hidratant i una barreja d\u2019olis personalitzada. [&hellip;]<\/p>\n","protected":false},"author":1,"featured_media":0,"template":"","meta":{"_tribe_events_status":"","_tribe_events_status_reason":"","footnotes":""},"tags":[],"tribe_events_cat":[151],"class_list":["post-18997","tribe_events","type-tribe_events","status-publish","hentry","tribe_events_cat-tallers","cat_tallers"],"acf":[],"_links":{"self":[{"href":"https:\/\/zerowastebcn.com\/es\/wp-json\/wp\/v2\/tribe_events\/18997","targetHints":{"allow":["GET"]}}],"collection":[{"href":"https:\/\/zerowastebcn.com\/es\/wp-json\/wp\/v2\/tribe_events"}],"about":[{"href":"https:\/\/zerowastebcn.com\/es\/wp-json\/wp\/v2\/types\/tribe_events"}],"author":[{"embeddable":true,"href":"https:\/\/zerowastebcn.com\/es\/wp-json\/wp\/v2\/users\/1"}],"version-history":[{"count":1,"href":"https:\/\/zerowastebcn.com\/es\/wp-json\/wp\/v2\/tribe_events\/18997\/revisions"}],"predecessor-version":[{"id":19071,"href":"https:\/\/zerowastebcn.com\/es\/wp-json\/wp\/v2\/tribe_events\/18997\/revisions\/19071"}],"wp:attachment":[{"href":"https:\/\/zerowastebcn.com\/es\/wp-json\/wp\/v2\/media?parent=18997"}],"wp:term":[{"taxonomy":"post_tag","embeddable":true,"href":"https:\/\/zerowastebcn.com\/es\/wp-json\/wp\/v2\/tags?post=18997"},{"taxonomy":"tribe_events_cat","embeddable":true,"href":"https:\/\/zerowastebcn.com\/es\/wp-json\/wp\/v2\/tribe_events_cat?post=18997"}],"curies":[{"name":"wp","href":"https:\/\/api.w.org\/{rel}","templated":true}]}}

<p>(2 sessions) En aquest taller parlarem de remeis tradicionals enfocats a la cura de la cara.<br />
Prepararem un exfoliant suau i nutritiu, un tònic hidratant i una barreja d’olis personalitzada.<br />
Ens endinsarem en el món dels olis vegetals, i veurem quins poden anar bé i quins hauríem d’evitar segons el nostre tipus de pell. A més, els enriquirem amb extractes de plantes per aconseguir una rutina facial de qualitat, sostenible i saludable.<br />
Cada persona s’emportarà els seus tres productes personalitzats a casa. </p>
<p>Cal portar un pot de vidre amb tapa, petit, ben net, per a l’exfoliant (pot ser d’uns 100-200 ml.)<br />
Al taller es proporcionarà un envàs amb polsador d’esprai per al tònic i un per a l’oli facial, tots dos de vidre.</p>
<p>Suplement: 8€. Consultar preu del taller amb el CCívic. </p>

<p>(2 sessions) En aquest taller parlarem de remeis tradicionals enfocats a la cura de la cara. Prepararem un exfoliant suau i nutritiu, un tònic hidratant i una barreja d’olis personalitzada. [&hellip;]</p>
