{"id":19027,"date":"2025-12-23T12:34:51","date_gmt":"2025-12-23T10:34:51","guid":{"rendered":"https:\/\/zerowastebcn.com\/agenda\/cura-de-la-pell-de-la-cara-cc-pati-llimona\/"},"modified":"2025-12-23T12:34:51","modified_gmt":"2025-12-23T10:34:51","slug":"cura-de-la-pell-de-la-cara-cc-pati-llimona","status":"publish","type":"tribe_events","link":"https:\/\/zerowastebcn.com\/es\/agenda\/cura-de-la-pell-de-la-cara-cc-pati-llimona\/","title":{"rendered":"Cura de la pell de la cara (CC Pati Llimona)"},"content":{"rendered":"<p>(2 sessions)  En aquest taller veurem quines s\u00f3n les claus per a tenir-ne cura de la pell de la cara de la manera m\u00e9s senzilla, natural i saludable possible. Parlarem de diferents tipus de pell, de diferents opcions per a netejar-la i com mantenir una hidrataci\u00f3 i humectaci\u00f3 correcta. Cada persona tindr\u00e0, quan acabi el taller, un exfoliant de cosm\u00e8tica fresca, un hidrolat i una barreja d\u2019olis personalitzats. El primer dia de classe cal portar un pot d\u2019uns 200 ml. amb tapa. Preu: 13,79\u20ac. Suplement: 8\u20ac. <\/p>\n","protected":false},"excerpt":{"rendered":"<p>(2 sessions) En aquest taller veurem quines s\u00f3n les claus per a tenir-ne cura de la pell de la cara de la manera m\u00e9s senzilla, natural i saludable possible. Parlarem [&hellip;]<\/p>\n","protected":false},"author":1,"featured_media":0,"template":"","meta":{"_tribe_events_status":"","_tribe_events_status_reason":"","footnotes":""},"tags":[],"tribe_events_cat":[151],"class_list":["post-19027","tribe_events","type-tribe_events","status-publish","hentry","tribe_events_cat-tallers","cat_tallers"],"acf":[],"_links":{"self":[{"href":"https:\/\/zerowastebcn.com\/es\/wp-json\/wp\/v2\/tribe_events\/19027","targetHints":{"allow":["GET"]}}],"collection":[{"href":"https:\/\/zerowastebcn.com\/es\/wp-json\/wp\/v2\/tribe_events"}],"about":[{"href":"https:\/\/zerowastebcn.com\/es\/wp-json\/wp\/v2\/types\/tribe_events"}],"author":[{"embeddable":true,"href":"https:\/\/zerowastebcn.com\/es\/wp-json\/wp\/v2\/users\/1"}],"version-history":[{"count":0,"href":"https:\/\/zerowastebcn.com\/es\/wp-json\/wp\/v2\/tribe_events\/19027\/revisions"}],"wp:attachment":[{"href":"https:\/\/zerowastebcn.com\/es\/wp-json\/wp\/v2\/media?parent=19027"}],"wp:term":[{"taxonomy":"post_tag","embeddable":true,"href":"https:\/\/zerowastebcn.com\/es\/wp-json\/wp\/v2\/tags?post=19027"},{"taxonomy":"tribe_events_cat","embeddable":true,"href":"https:\/\/zerowastebcn.com\/es\/wp-json\/wp\/v2\/tribe_events_cat?post=19027"}],"curies":[{"name":"wp","href":"https:\/\/api.w.org\/{rel}","templated":true}]}}

<p>(2 sessions)  En aquest taller veurem quines són les claus per a tenir-ne cura de la pell de la cara de la manera més senzilla, natural i saludable possible. Parlarem de diferents tipus de pell, de diferents opcions per a netejar-la i com mantenir una hidratació i humectació correcta. Cada persona tindrà, quan acabi el taller, un exfoliant de cosmètica fresca, un hidrolat i una barreja d’olis personalitzats. El primer dia de classe cal portar un pot d’uns 200 ml. amb tapa. Preu: 13,79€. Suplement: 8€. </p>

<p>(2 sessions) En aquest taller veurem quines són les claus per a tenir-ne cura de la pell de la cara de la manera més senzilla, natural i saludable possible. Parlarem [&hellip;]</p>
