{"id":19374,"date":"2026-04-07T18:46:26","date_gmt":"2026-04-07T16:46:26","guid":{"rendered":"https:\/\/zerowastebcn.com\/agenda\/cosmetica-natural-cura-del-cabell-cc-pati-llimona\/"},"modified":"2026-04-07T18:46:26","modified_gmt":"2026-04-07T16:46:26","slug":"cosmetica-natural-cura-del-cabell-cc-pati-llimona","status":"publish","type":"tribe_events","link":"https:\/\/zerowastebcn.com\/es\/agenda\/cosmetica-natural-cura-del-cabell-cc-pati-llimona\/","title":{"rendered":"Cosm\u00e8tica natural: Cura del cabell (CC Pati Llimona)"},"content":{"rendered":"<p>En aquest taller parlarem de qu\u00e8 hem de tenir en compte a l&#8217;hora de triar productes de protecci\u00f3 solar per a que sigui  el m\u00e9s sostenibles i saludables possible. Farem una introducci\u00f3 a la cura dels cabells, i alternatives als xamp\u00fas, mascaretes i fixadors. Finalment, prepararem un t\u00f2nic capil\u00b7lar per enfortir els cabells i un oli per suavitzar i donar brillantor. Caldr\u00e0 portar un pot de vidre amb tapa, d&#8217;uns 300 ml. <\/p>\n<p>Preu: 14,12 \u20ac (IVA incl\u00f2s) + suplement 5\u20ac<\/p>\n","protected":false},"excerpt":{"rendered":"<p>En aquest taller parlarem de qu\u00e8 hem de tenir en compte a l&#8217;hora de triar productes de protecci\u00f3 solar per a que sigui el m\u00e9s sostenibles i saludables possible. Farem [&hellip;]<\/p>\n","protected":false},"author":2,"featured_media":0,"template":"","meta":{"_tribe_events_status":"","_tribe_events_status_reason":"","footnotes":""},"tags":[],"tribe_events_cat":[],"class_list":["post-19374","tribe_events","type-tribe_events","status-publish","hentry"],"acf":[],"_links":{"self":[{"href":"https:\/\/zerowastebcn.com\/es\/wp-json\/wp\/v2\/tribe_events\/19374","targetHints":{"allow":["GET"]}}],"collection":[{"href":"https:\/\/zerowastebcn.com\/es\/wp-json\/wp\/v2\/tribe_events"}],"about":[{"href":"https:\/\/zerowastebcn.com\/es\/wp-json\/wp\/v2\/types\/tribe_events"}],"author":[{"embeddable":true,"href":"https:\/\/zerowastebcn.com\/es\/wp-json\/wp\/v2\/users\/2"}],"version-history":[{"count":1,"href":"https:\/\/zerowastebcn.com\/es\/wp-json\/wp\/v2\/tribe_events\/19374\/revisions"}],"predecessor-version":[{"id":19379,"href":"https:\/\/zerowastebcn.com\/es\/wp-json\/wp\/v2\/tribe_events\/19374\/revisions\/19379"}],"wp:attachment":[{"href":"https:\/\/zerowastebcn.com\/es\/wp-json\/wp\/v2\/media?parent=19374"}],"wp:term":[{"taxonomy":"post_tag","embeddable":true,"href":"https:\/\/zerowastebcn.com\/es\/wp-json\/wp\/v2\/tags?post=19374"},{"taxonomy":"tribe_events_cat","embeddable":true,"href":"https:\/\/zerowastebcn.com\/es\/wp-json\/wp\/v2\/tribe_events_cat?post=19374"}],"curies":[{"name":"wp","href":"https:\/\/api.w.org\/{rel}","templated":true}]}}

Cosmètica natural: Cura del cabell (CC Pati Llimona)

<p>En aquest taller parlarem de què hem de tenir en compte a l&#8217;hora de triar productes de protecció solar per a que sigui  el més sostenibles i saludables possible. Farem una introducció a la cura dels cabells, i alternatives als xampús, mascaretes i fixadors. Finalment, prepararem un tònic capil·lar per enfortir els cabells i un oli per suavitzar i donar brillantor. Caldrà portar un pot de vidre amb tapa, d&#8217;uns 300 ml. </p>
<p>Preu: 14,12 € (IVA inclòs) + suplement 5€</p>

<p>En aquest taller parlarem de què hem de tenir en compte a l&#8217;hora de triar productes de protecció solar per a que sigui el més sostenibles i saludables possible. Farem [&hellip;]</p>
