{"id":19414,"date":"2026-04-22T12:12:18","date_gmt":"2026-04-22T10:12:18","guid":{"rendered":"https:\/\/zerowastebcn.com\/agenda\/els-fanzins-creativitat-analogica-en-un-mon-digital-cc-can-felipa-2\/"},"modified":"2026-04-22T12:12:18","modified_gmt":"2026-04-22T10:12:18","slug":"els-fanzins-creativitat-analogica-en-un-mon-digital-cc-can-felipa-2","status":"publish","type":"tribe_events","link":"https:\/\/zerowastebcn.com\/es\/agenda\/els-fanzins-creativitat-analogica-en-un-mon-digital-cc-can-felipa-2\/","title":{"rendered":"Els fanzins &#8211; Creativitat anal\u00f2gica en un m\u00f3n digital (CC Can Felipa)"},"content":{"rendered":"<p>Els fanzins s\u00f3n publicacions de baix pressupost, autoeditades, sobre qualsevol tem\u00e0tica. La seva intenci\u00f3 pot ser fer divulgaci\u00f3, den\u00fancia social, experimentaci\u00f3 art\u00edstica o reflexi\u00f3 personal, entre d\u2019altres. Sovint es fan de manera anal\u00f2gica, utilitzant una fotocopiadora per a reproduir-los.<br \/>\nEn aquest taller deixarem les pantalles de banda i explorarem diferents t\u00e8cniques art\u00edstiques, veurem un munt d\u2019estils diferents de fanzins, i ens posarem a crear sense pressi\u00f3. Perqu\u00e8 la gr\u00e0cia dels fanzins \u00e9s que no s\u00f3n mai perfectes.<br \/>\nCompartirem l\u2019espai creatiu, materials i tamb\u00e9 intercanviarem c\u00f2pies dels nostres fanzins al final del curs.<br \/>\nTamb\u00e9 aprendrem diferents t\u00e8cniques senzilles per a fer estampaci\u00f3 amb pocs recursos i incloure-la en les nostres creacions.<\/p>\n<p>Cal portar: tisores, estoig amb algun estri per escriure o dibuixar i paper impr\u00e8s per aprofitar i compartir (revistes, diaris, fulletons publicitaris\u2026)<\/p>\n<p>Preu: 28,24\u20ac. Suplement de material: 5\u20ac <\/p>\n","protected":false},"excerpt":{"rendered":"<p>Els fanzins s\u00f3n publicacions de baix pressupost, autoeditades, sobre qualsevol tem\u00e0tica. La seva intenci\u00f3 pot ser fer divulgaci\u00f3, den\u00fancia social, experimentaci\u00f3 art\u00edstica o reflexi\u00f3 personal, entre d\u2019altres. Sovint es fan [&hellip;]<\/p>\n","protected":false},"author":1,"featured_media":0,"template":"","meta":{"_tribe_events_status":"","_tribe_events_status_reason":"","footnotes":""},"tags":[],"tribe_events_cat":[],"class_list":["post-19414","tribe_events","type-tribe_events","status-publish","hentry"],"acf":[],"_links":{"self":[{"href":"https:\/\/zerowastebcn.com\/es\/wp-json\/wp\/v2\/tribe_events\/19414","targetHints":{"allow":["GET"]}}],"collection":[{"href":"https:\/\/zerowastebcn.com\/es\/wp-json\/wp\/v2\/tribe_events"}],"about":[{"href":"https:\/\/zerowastebcn.com\/es\/wp-json\/wp\/v2\/types\/tribe_events"}],"author":[{"embeddable":true,"href":"https:\/\/zerowastebcn.com\/es\/wp-json\/wp\/v2\/users\/1"}],"version-history":[{"count":0,"href":"https:\/\/zerowastebcn.com\/es\/wp-json\/wp\/v2\/tribe_events\/19414\/revisions"}],"wp:attachment":[{"href":"https:\/\/zerowastebcn.com\/es\/wp-json\/wp\/v2\/media?parent=19414"}],"wp:term":[{"taxonomy":"post_tag","embeddable":true,"href":"https:\/\/zerowastebcn.com\/es\/wp-json\/wp\/v2\/tags?post=19414"},{"taxonomy":"tribe_events_cat","embeddable":true,"href":"https:\/\/zerowastebcn.com\/es\/wp-json\/wp\/v2\/tribe_events_cat?post=19414"}],"curies":[{"name":"wp","href":"https:\/\/api.w.org\/{rel}","templated":true}]}}

Els fanzins &#8211; Creativitat analògica en un món digital (CC Can Felipa)

<p>Els fanzins són publicacions de baix pressupost, autoeditades, sobre qualsevol temàtica. La seva intenció pot ser fer divulgació, denúncia social, experimentació artística o reflexió personal, entre d’altres. Sovint es fan de manera analògica, utilitzant una fotocopiadora per a reproduir-los.<br />
En aquest taller deixarem les pantalles de banda i explorarem diferents tècniques artístiques, veurem un munt d’estils diferents de fanzins, i ens posarem a crear sense pressió. Perquè la gràcia dels fanzins és que no són mai perfectes.<br />
Compartirem l’espai creatiu, materials i també intercanviarem còpies dels nostres fanzins al final del curs.<br />
També aprendrem diferents tècniques senzilles per a fer estampació amb pocs recursos i incloure-la en les nostres creacions.</p>
<p>Cal portar: tisores, estoig amb algun estri per escriure o dibuixar i paper imprès per aprofitar i compartir (revistes, diaris, fulletons publicitaris…)</p>
<p>Preu: 28,24€. Suplement de material: 5€ </p>

<p>Els fanzins són publicacions de baix pressupost, autoeditades, sobre qualsevol temàtica. La seva intenció pot ser fer divulgació, denúncia social, experimentació artística o reflexió personal, entre d’altres. Sovint es fan [&hellip;]</p>
